{"id":9,"date":"2022-02-03T22:03:43","date_gmt":"2022-02-03T21:03:43","guid":{"rendered":"https:\/\/www.hollatz-beratung.de\/hollatz\/?page_id=9"},"modified":"2022-04-27T11:06:37","modified_gmt":"2022-04-27T09:06:37","slug":"willkommen","status":"publish","type":"page","link":"https:\/\/www.hollatz-beratung.de\/","title":{"rendered":"Willkommen"},"content":{"rendered":"\n<figure class=\"wp-block-image size-large is-resized is-style-default\"><img loading=\"lazy\" decoding=\"async\" src=\"https:\/\/www.hollatz-beratung.de\/hollatz\/wp-content\/uploads\/2022\/02\/logo1-1024x376.png\" alt=\"\" class=\"wp-image-65\" width=\"671\" height=\"246\" srcset=\"https:\/\/www.hollatz-beratung.de\/hollatz\/wp-content\/uploads\/2022\/02\/logo1-1024x376.png 1024w, https:\/\/www.hollatz-beratung.de\/hollatz\/wp-content\/uploads\/2022\/02\/logo1-300x110.png 300w, https:\/\/www.hollatz-beratung.de\/hollatz\/wp-content\/uploads\/2022\/02\/logo1-768x282.png 768w, https:\/\/www.hollatz-beratung.de\/hollatz\/wp-content\/uploads\/2022\/02\/logo1-1536x564.png 1536w, https:\/\/www.hollatz-beratung.de\/hollatz\/wp-content\/uploads\/2022\/02\/logo1.png 1840w\" sizes=\"auto, (max-width: 671px) 100vw, 671px\" \/><\/figure>\n\n\n\n<p>Sie sind hier richtig, wenn<\/p>\n\n\n\n<ul class=\"wp-block-list\"><li>Sie und Ihr Unternehmen ein Managementsystem nach ISO 9001, ISO 14001, ISO 45001 und\/oder ISO 50001 einf\u00fchren wollen,<\/li><li>Sie Unterst\u00fctzung in Arbeitssicherheit- und Gesundheitsschutz ben\u00f6tigen,<\/li><li>Sie eine CO<sub>2<\/sub>-Bilanz f\u00fcr Ihr Unternehmen erstellen wollen und die CO<sub>2<\/sub>-Erzeugung ohne Greenwashing verringern wollen,<\/li><li>Sie in einem Ver- und Entsorgungsunternehmen t\u00e4tig sind und ein Technisches Sicherheitsmanagement einf\u00fchren wollen,<\/li><li>Sie die Unternehmensorganisation verbessern wollen oder<\/li><li>Sie noch mehr \u00fcber uns erfahren wollen.<\/li><\/ul>\n","protected":false},"excerpt":{"rendered":"<p>Sie sind hier richtig, wenn Sie und Ihr Unternehmen ein Managementsystem nach ISO 9001, ISO 14001, ISO 45001 und\/oder ISO 50001 einf\u00fchren wollen, Sie Unterst\u00fctzung in Arbeitssicherheit- und Gesundheitsschutz ben\u00f6tigen, Sie eine CO2-Bilanz f\u00fcr Ihr Unternehmen erstellen wollen und die CO2-Erzeugung ohne Greenwashing verringern wollen, Sie in einem Ver- und Entsorgungsunternehmen t\u00e4tig sind und ein&hellip;&nbsp;<a href=\"https:\/\/www.hollatz-beratung.de\/\" class=\"\" rel=\"bookmark\">Weiterlesen &raquo;<span class=\"screen-reader-text\">Willkommen<\/span><\/a><\/p>\n","protected":false},"author":1,"featured_media":0,"parent":0,"menu_order":0,"comment_status":"closed","ping_status":"closed","template":"","meta":{"neve_meta_sidebar":"","neve_meta_container":"","neve_meta_enable_content_width":"","neve_meta_content_width":0,"neve_meta_title_alignment":"","neve_meta_author_avatar":"","neve_post_elements_order":"","neve_meta_disable_header":"","neve_meta_disable_footer":"","neve_meta_disable_title":"","footnotes":""},"class_list":["post-9","page","type-page","status-publish","hentry"],"_links":{"self":[{"href":"https:\/\/www.hollatz-beratung.de\/index.php?rest_route=\/wp\/v2\/pages\/9","targetHints":{"allow":["GET"]}}],"collection":[{"href":"https:\/\/www.hollatz-beratung.de\/index.php?rest_route=\/wp\/v2\/pages"}],"about":[{"href":"https:\/\/www.hollatz-beratung.de\/index.php?rest_route=\/wp\/v2\/types\/page"}],"author":[{"embeddable":true,"href":"https:\/\/www.hollatz-beratung.de\/index.php?rest_route=\/wp\/v2\/users\/1"}],"replies":[{"embeddable":true,"href":"https:\/\/www.hollatz-beratung.de\/index.php?rest_route=%2Fwp%2Fv2%2Fcomments&post=9"}],"version-history":[{"count":10,"href":"https:\/\/www.hollatz-beratung.de\/index.php?rest_route=\/wp\/v2\/pages\/9\/revisions"}],"predecessor-version":[{"id":118,"href":"https:\/\/www.hollatz-beratung.de\/index.php?rest_route=\/wp\/v2\/pages\/9\/revisions\/118"}],"wp:attachment":[{"href":"https:\/\/www.hollatz-beratung.de\/index.php?rest_route=%2Fwp%2Fv2%2Fmedia&parent=9"}],"curies":[{"name":"wp","href":"https:\/\/api.w.org\/{rel}","templated":true}]}}